{"id":628,"date":"2025-12-23T11:05:17","date_gmt":"2025-12-23T10:05:17","guid":{"rendered":"https:\/\/lelocal-tournefeuille.fr\/?page_id=628"},"modified":"2026-01-12T16:50:01","modified_gmt":"2026-01-12T15:50:01","slug":"food-truck","status":"publish","type":"page","link":"https:\/\/lelocal-tournefeuille.fr\/?page_id=628","title":{"rendered":"Food truck"},"content":{"rendered":"\n<div class=\"wp-block-uagb-advanced-heading uagb-block-c285ccff\"><h2 class=\"uagb-heading-text\">Le FOOD TRUCK<\/h2><\/div>\n\n\n\n<div class=\"wp-block-uagb-image uagb-block-5507c3db wp-block-uagb-image--layout-default wp-block-uagb-image--effect-static wp-block-uagb-image--align-none\"><figure class=\"wp-block-uagb-image__figure\"><img loading=\"lazy\" decoding=\"async\" srcset=\"https:\/\/lelocal-tournefeuille.fr\/wp-content\/uploads\/2025\/12\/service-traiteur.jpg ,https:\/\/lelocal-tournefeuille.fr\/wp-content\/uploads\/2025\/12\/service-traiteur.jpg 780w, https:\/\/lelocal-tournefeuille.fr\/wp-content\/uploads\/2025\/12\/service-traiteur.jpg 360w\" sizes=\"auto, (max-width: 480px) 150px\" src=\"https:\/\/lelocal-tournefeuille.fr\/wp-content\/uploads\/2025\/12\/service-traiteur.jpg\" alt=\"\" class=\"uag-image-435\" width=\"996\" height=\"998\" title=\"service traiteur - 1\" loading=\"lazy\" role=\"img\"\/><\/figure><\/div>\n\n\n\n<div class=\"wp-block-uagb-marketing-button uagb-marketing-btn__align-center uagb-marketing-btn__align-text-center uagb-marketing-btn__icon-after uagb-block-e4f8674a wp-block-button\"><a href=\"https:\/\/lelocal-tournefeuille.fr\/?page_id=615\" class=\"uagb-marketing-btn__link wp-block-button__link\" target=\"\" rel=\"noopener noreferrer\"><span class=\"uagb-marketing-btn__title\">Demandez un devis<\/span><p class=\"uagb-marketing-btn__prefix\">Gratuit<\/p><\/a><\/div>\n\n\n\n<p class=\"has-custom-1-font-size\">Le food-Truck se d\u00e9place sur <strong>Tournefeuille et ses alentours<\/strong> pour des <strong>soir\u00e9es d\u2019entreprise, \u00e9v\u00e9nements priv\u00e9s, anniversaires, \u00e9v\u00e9nements associatifs&#8230;<\/strong><\/p>\n\n\n\n<p class=\"has-normal-font-size\">Un moment de partage dans une ambiance chaleureuse et festive, autour d\u2019une cuisine gourmande et g\u00e9n\u00e9reuse.<\/p>\n\n\n\n<p>C\u00f4t\u00e9 cuisine, on reste fid\u00e8les \u00e0 nos valeurs :<br>des plats <strong>100 % faits maison<\/strong>, <strong>g\u00e9n\u00e9reux et savoureux<\/strong>, pr\u00e9par\u00e9s \u00e0 partir de <strong>produits frais et locaux<\/strong>. Les menus sont <strong>adapt\u00e9s \u00e0 votre \u00e9v\u00e9nement<\/strong>, \u00e0 votre public et au format de la prestation.<\/p>\n\n\n\n<p>Chaque \u00e9v\u00e9nement \u00e9tant diff\u00e9rent, le food truck demande une <strong>organisation plus pouss\u00e9e<\/strong> : installation, logistique, dur\u00e9e de service, gestion du flux de convives, contraintes techniques\u2026<br>C\u2019est pourquoi chaque prestation fait l\u2019objet d\u2019un <strong>\u00e9change en amont<\/strong> et d\u2019un <strong>devis personnalis\u00e9<\/strong>.<\/p>\n\n\n\n<hr class=\"wp-block-separator has-alpha-channel-opacity\"\/>\n\n\n\n<h3 class=\"wp-block-heading\">\u00c0 savoir avant de r\u00e9server<\/h3>\n\n\n\n<ul class=\"wp-block-list\">\n<li>Le food truck est une <strong>prestation \u00e9v\u00e9nementielle<\/strong>, diff\u00e9rente du service traiteur<\/li>\n\n\n\n<li>Une <strong>prise de contact en amont est indispensable<\/strong> pour valider la faisabilit\u00e9<\/li>\n\n\n\n<li>Les <strong>dates, horaires et dur\u00e9es de service<\/strong> sont d\u00e9finis \u00e0 l\u2019avance<\/li>\n\n\n\n<li>Certaines prestations peuvent n\u00e9cessiter des <strong>contraintes techniques ou autorisations sp\u00e9cifiques<\/strong><\/li>\n\n\n\n<li>Chaque \u00e9v\u00e9nement fait l\u2019objet d\u2019un <strong>devis sur mesure<\/strong>, en toute transparence<\/li>\n\n\n\n<li>Pas de service, ni de Food truck le Dimanche<\/li>\n<\/ul>\n\n\n\n<hr class=\"wp-block-separator has-alpha-channel-opacity\"\/>\n\n\n\n<div data-wp-interactive=\"core\/file\" class=\"wp-block-file\"><object data-wp-bind--hidden=\"!state.hasPdfPreview\" hidden class=\"wp-block-file__embed\" data=\"https:\/\/lelocal-tournefeuille.fr\/wp-content\/uploads\/2025\/12\/Menu-traiteur-Le-Local-2025-2-2.pdf\" type=\"application\/pdf\" style=\"width:100%;height:600px\" aria-label=\"Contenu embarqu\u00e9 Menu food truck Le Local  2025.\"><\/object><a id=\"wp-block-file--media-5273396a-abf5-4136-84ab-790ebbd06946\" href=\"https:\/\/lelocal-tournefeuille.fr\/wp-content\/uploads\/2025\/12\/Menu-traiteur-Le-Local-2025-2-2.pdf\">Menu food truck Le Local  2025<\/a><a href=\"https:\/\/lelocal-tournefeuille.fr\/wp-content\/uploads\/2025\/12\/Menu-traiteur-Le-Local-2025-2-2.pdf\" class=\"wp-block-file__button wp-element-button\" download aria-describedby=\"wp-block-file--media-5273396a-abf5-4136-84ab-790ebbd06946\">T\u00e9l\u00e9charger<\/a><\/div>\n\n\n\n<p>Une solution id\u00e9ale si vous cherchez <strong>du go\u00fbt, de l\u2019animation et une vraie exp\u00e9rience conviviale<\/strong>, avec une \u00e9quipe passionn\u00e9e qui s\u2019adapte \u00e0 votre \u00e9v\u00e9nement.<\/p>\n\n\n\n<div class=\"wp-block-uagb-marketing-button uagb-marketing-btn__align-center uagb-marketing-btn__align-text-center uagb-marketing-btn__icon-after uagb-block-cc16a644 wp-block-button\"><a href=\"https:\/\/lelocal-tournefeuille.fr\/?page_id=615\" class=\"uagb-marketing-btn__link wp-block-button__link\" target=\"\" rel=\"noopener noreferrer\"><span class=\"uagb-marketing-btn__title\">Demandez un devis<\/span><svg xmlns=\"https:\/\/www.w3.org\/2000\/svg\" viewBox=\"0 0 512 512\"><path d=\"M384 320c-17.67 0-32 14.33-32 32v96H64V160h96c17.67 0 32-14.32 32-32s-14.33-32-32-32L64 96c-35.35 0-64 28.65-64 64V448c0 35.34 28.65 64 64 64h288c35.35 0 64-28.66 64-64v-96C416 334.3 401.7 320 384 320zM488 0H352c-12.94 0-24.62 7.797-29.56 19.75c-4.969 11.97-2.219 25.72 6.938 34.88L370.8 96L169.4 297.4c-12.5 12.5-12.5 32.75 0 45.25C175.6 348.9 183.8 352 192 352s16.38-3.125 22.62-9.375L416 141.3l41.38 41.38c9.156 9.141 22.88 11.84 34.88 6.938C504.2 184.6 512 172.9 512 160V24C512 10.74 501.3 0 488 0z\"><\/path><\/svg><p class=\"uagb-marketing-btn__prefix\">Gratuit<\/p><\/a><\/div>\n","protected":false},"excerpt":{"rendered":"<p>Le FOOD TRUCK Le food-Truck se d\u00e9place sur Tournefeuille et ses alentours pour des soir\u00e9es d\u2019entreprise, \u00e9v\u00e9nements priv\u00e9s, anniversaires, \u00e9v\u00e9nements associatifs&#8230; Un moment de partage dans une ambiance chaleureuse et festive, autour d\u2019une cuisine gourmande et g\u00e9n\u00e9reuse. C\u00f4t\u00e9 cuisine, on reste fid\u00e8les \u00e0 nos valeurs :des plats 100 % faits maison, g\u00e9n\u00e9reux et savoureux, pr\u00e9par\u00e9s [&hellip;]<\/p>\n","protected":false},"author":2,"featured_media":0,"parent":0,"menu_order":0,"comment_status":"closed","ping_status":"closed","template":"","meta":{"_uag_custom_page_level_css":"","_themeisle_gutenberg_block_has_review":false,"footnotes":""},"class_list":["post-628","page","type-page","status-publish","hentry"],"uagb_featured_image_src":{"full":false,"thumbnail":false,"medium":false,"medium_large":false,"large":false,"1536x1536":false,"2048x2048":false,"woocommerce_thumbnail":false,"woocommerce_single":false,"woocommerce_gallery_thumbnail":false},"uagb_author_info":{"display_name":"bruno caparros","author_link":"https:\/\/lelocal-tournefeuille.fr\/?author=2"},"uagb_comment_info":0,"uagb_excerpt":"Le FOOD TRUCK Le food-Truck se d\u00e9place sur Tournefeuille et ses alentours pour des soir\u00e9es d\u2019entreprise, \u00e9v\u00e9nements priv\u00e9s, anniversaires, \u00e9v\u00e9nements associatifs&#8230; Un moment de partage dans une ambiance chaleureuse et festive, autour d\u2019une cuisine gourmande et g\u00e9n\u00e9reuse. C\u00f4t\u00e9 cuisine, on reste fid\u00e8les \u00e0 nos valeurs :des plats 100 % faits maison, g\u00e9n\u00e9reux et savoureux, pr\u00e9par\u00e9s\u2026","jetpack_sharing_enabled":true,"_links":{"self":[{"href":"https:\/\/lelocal-tournefeuille.fr\/index.php?rest_route=\/wp\/v2\/pages\/628","targetHints":{"allow":["GET"]}}],"collection":[{"href":"https:\/\/lelocal-tournefeuille.fr\/index.php?rest_route=\/wp\/v2\/pages"}],"about":[{"href":"https:\/\/lelocal-tournefeuille.fr\/index.php?rest_route=\/wp\/v2\/types\/page"}],"author":[{"embeddable":true,"href":"https:\/\/lelocal-tournefeuille.fr\/index.php?rest_route=\/wp\/v2\/users\/2"}],"replies":[{"embeddable":true,"href":"https:\/\/lelocal-tournefeuille.fr\/index.php?rest_route=%2Fwp%2Fv2%2Fcomments&post=628"}],"version-history":[{"count":9,"href":"https:\/\/lelocal-tournefeuille.fr\/index.php?rest_route=\/wp\/v2\/pages\/628\/revisions"}],"predecessor-version":[{"id":711,"href":"https:\/\/lelocal-tournefeuille.fr\/index.php?rest_route=\/wp\/v2\/pages\/628\/revisions\/711"}],"wp:attachment":[{"href":"https:\/\/lelocal-tournefeuille.fr\/index.php?rest_route=%2Fwp%2Fv2%2Fmedia&parent=628"}],"curies":[{"name":"wp","href":"https:\/\/api.w.org\/{rel}","templated":true}]}}