{"id":412,"date":"2025-11-29T09:58:05","date_gmt":"2025-11-29T08:58:05","guid":{"rendered":"https:\/\/lelocal-tournefeuille.fr\/?post_type=product&#038;p=412"},"modified":"2025-12-02T09:23:20","modified_gmt":"2025-12-02T08:23:20","slug":"hachis-parmentier-de-canard-copie","status":"publish","type":"product","link":"https:\/\/lelocal-tournefeuille.fr\/?product=hachis-parmentier-de-canard-copie","title":{"rendered":"Hachis parmentier de canard"},"content":{"rendered":"<p>Confit de canard effiloch\u00e9, l\u00e9gumes et pur\u00e9e de pomme de terre<\/p>\n","protected":false},"excerpt":{"rendered":"<p>Confit de canard effiloch\u00e9, l\u00e9gumes et pur\u00e9e de pomme de terre<\/p>\n<p>Allerg\u00e8nes : lactose, gluten, c\u00e9leri<\/p>\n","protected":false},"featured_media":409,"comment_status":"open","ping_status":"closed","template":"","meta":{"_uag_custom_page_level_css":"","_themeisle_gutenberg_block_has_review":false},"product_brand":[],"product_cat":[22],"product_tag":[],"class_list":{"0":"post-412","1":"product","2":"type-product","3":"status-publish","4":"has-post-thumbnail","6":"product_cat-plat-traiteur","8":"first","9":"outofstock","10":"shipping-taxable","11":"purchasable","12":"product-type-simple"},"uagb_featured_image_src":{"full":["https:\/\/lelocal-tournefeuille.fr\/wp-content\/uploads\/2025\/11\/ChatGPT-Image-29-nov.-2025-09_39_03.png",1024,1024,false],"thumbnail":["https:\/\/lelocal-tournefeuille.fr\/wp-content\/uploads\/2025\/11\/ChatGPT-Image-29-nov.-2025-09_39_03-150x150.png",150,150,true],"medium":["https:\/\/lelocal-tournefeuille.fr\/wp-content\/uploads\/2025\/11\/ChatGPT-Image-29-nov.-2025-09_39_03-300x300.png",300,300,true],"medium_large":["https:\/\/lelocal-tournefeuille.fr\/wp-content\/uploads\/2025\/11\/ChatGPT-Image-29-nov.-2025-09_39_03-768x768.png",768,768,true],"large":["https:\/\/lelocal-tournefeuille.fr\/wp-content\/uploads\/2025\/11\/ChatGPT-Image-29-nov.-2025-09_39_03.png",1024,1024,false],"1536x1536":["https:\/\/lelocal-tournefeuille.fr\/wp-content\/uploads\/2025\/11\/ChatGPT-Image-29-nov.-2025-09_39_03.png",1024,1024,false],"2048x2048":["https:\/\/lelocal-tournefeuille.fr\/wp-content\/uploads\/2025\/11\/ChatGPT-Image-29-nov.-2025-09_39_03.png",1024,1024,false],"woocommerce_thumbnail":["https:\/\/lelocal-tournefeuille.fr\/wp-content\/uploads\/2025\/11\/ChatGPT-Image-29-nov.-2025-09_39_03-300x300.png",300,300,true],"woocommerce_single":["https:\/\/lelocal-tournefeuille.fr\/wp-content\/uploads\/2025\/11\/ChatGPT-Image-29-nov.-2025-09_39_03-600x600.png",600,600,true],"woocommerce_gallery_thumbnail":["https:\/\/lelocal-tournefeuille.fr\/wp-content\/uploads\/2025\/11\/ChatGPT-Image-29-nov.-2025-09_39_03-100x100.png",100,100,true]},"uagb_author_info":{"display_name":"bruno caparros","author_link":"https:\/\/lelocal-tournefeuille.fr\/?author=0"},"uagb_comment_info":0,"uagb_excerpt":"Confit de canard effiloch\u00e9, l\u00e9gumes et pur\u00e9e de pomme de terre Allerg\u00e8nes : lactose, gluten, c\u00e9leri","jetpack_sharing_enabled":true,"_links":{"self":[{"href":"https:\/\/lelocal-tournefeuille.fr\/index.php?rest_route=\/wp\/v2\/product\/412","targetHints":{"allow":["GET"]}}],"collection":[{"href":"https:\/\/lelocal-tournefeuille.fr\/index.php?rest_route=\/wp\/v2\/product"}],"about":[{"href":"https:\/\/lelocal-tournefeuille.fr\/index.php?rest_route=\/wp\/v2\/types\/product"}],"replies":[{"embeddable":true,"href":"https:\/\/lelocal-tournefeuille.fr\/index.php?rest_route=%2Fwp%2Fv2%2Fcomments&post=412"}],"wp:featuredmedia":[{"embeddable":true,"href":"https:\/\/lelocal-tournefeuille.fr\/index.php?rest_route=\/wp\/v2\/media\/409"}],"wp:attachment":[{"href":"https:\/\/lelocal-tournefeuille.fr\/index.php?rest_route=%2Fwp%2Fv2%2Fmedia&parent=412"}],"wp:term":[{"taxonomy":"product_brand","embeddable":true,"href":"https:\/\/lelocal-tournefeuille.fr\/index.php?rest_route=%2Fwp%2Fv2%2Fproduct_brand&post=412"},{"taxonomy":"product_cat","embeddable":true,"href":"https:\/\/lelocal-tournefeuille.fr\/index.php?rest_route=%2Fwp%2Fv2%2Fproduct_cat&post=412"},{"taxonomy":"product_tag","embeddable":true,"href":"https:\/\/lelocal-tournefeuille.fr\/index.php?rest_route=%2Fwp%2Fv2%2Fproduct_tag&post=412"}],"curies":[{"name":"wp","href":"https:\/\/api.w.org\/{rel}","templated":true}]}}