{"id":413,"date":"2025-11-29T09:59:28","date_gmt":"2025-11-29T08:59:28","guid":{"rendered":"https:\/\/lelocal-tournefeuille.fr\/?post_type=product&#038;p=413"},"modified":"2025-12-04T08:42:21","modified_gmt":"2025-12-04T07:42:21","slug":"mafe-de-poulet-riz-et-patate-douce-roti","status":"publish","type":"product","link":"https:\/\/lelocal-tournefeuille.fr\/?product=mafe-de-poulet-riz-et-patate-douce-roti","title":{"rendered":"Maf\u00e9 de poulet, riz et patate douce r\u00f4ti"},"content":{"rendered":"<p>Poulet mijot\u00e9 dans une sauce onctueuse \u00e0 l&rsquo;arachide avec des l\u00e9gumes, servi avec du riz en persillade, patates douces et potimarrons r\u00f4tis<\/p>\n","protected":false},"excerpt":{"rendered":"<p>Poulet mijot\u00e9 dans une sauce onctueuse \u00e0 l&rsquo;arachide avec des l\u00e9gumes, servi avec du riz en persillade et des patates douces r\u00f4ties<\/p>\n<p>Allerg\u00e8nes : Lactose, arachide, c\u00e9leri<\/p>\n","protected":false},"featured_media":417,"comment_status":"open","ping_status":"closed","template":"","meta":{"_uag_custom_page_level_css":"","_themeisle_gutenberg_block_has_review":false},"product_brand":[],"product_cat":[22],"product_tag":[],"class_list":{"0":"post-413","1":"product","2":"type-product","3":"status-publish","4":"has-post-thumbnail","6":"product_cat-plat-traiteur","8":"first","9":"outofstock","10":"shipping-taxable","11":"purchasable","12":"product-type-simple"},"uagb_featured_image_src":{"full":["https:\/\/lelocal-tournefeuille.fr\/wp-content\/uploads\/2025\/11\/ChatGPT-Image-29-nov.-2025-10_20_50.png",1024,1024,false],"thumbnail":["https:\/\/lelocal-tournefeuille.fr\/wp-content\/uploads\/2025\/11\/ChatGPT-Image-29-nov.-2025-10_20_50-150x150.png",150,150,true],"medium":["https:\/\/lelocal-tournefeuille.fr\/wp-content\/uploads\/2025\/11\/ChatGPT-Image-29-nov.-2025-10_20_50-300x300.png",300,300,true],"medium_large":["https:\/\/lelocal-tournefeuille.fr\/wp-content\/uploads\/2025\/11\/ChatGPT-Image-29-nov.-2025-10_20_50-768x768.png",768,768,true],"large":["https:\/\/lelocal-tournefeuille.fr\/wp-content\/uploads\/2025\/11\/ChatGPT-Image-29-nov.-2025-10_20_50.png",1024,1024,false],"1536x1536":["https:\/\/lelocal-tournefeuille.fr\/wp-content\/uploads\/2025\/11\/ChatGPT-Image-29-nov.-2025-10_20_50.png",1024,1024,false],"2048x2048":["https:\/\/lelocal-tournefeuille.fr\/wp-content\/uploads\/2025\/11\/ChatGPT-Image-29-nov.-2025-10_20_50.png",1024,1024,false],"woocommerce_thumbnail":["https:\/\/lelocal-tournefeuille.fr\/wp-content\/uploads\/2025\/11\/ChatGPT-Image-29-nov.-2025-10_20_50-300x300.png",300,300,true],"woocommerce_single":["https:\/\/lelocal-tournefeuille.fr\/wp-content\/uploads\/2025\/11\/ChatGPT-Image-29-nov.-2025-10_20_50-600x600.png",600,600,true],"woocommerce_gallery_thumbnail":["https:\/\/lelocal-tournefeuille.fr\/wp-content\/uploads\/2025\/11\/ChatGPT-Image-29-nov.-2025-10_20_50-100x100.png",100,100,true]},"uagb_author_info":{"display_name":"bruno caparros","author_link":"https:\/\/lelocal-tournefeuille.fr\/?author=0"},"uagb_comment_info":0,"uagb_excerpt":"Poulet mijot\u00e9 dans une sauce onctueuse \u00e0 l'arachide avec des l\u00e9gumes, servi avec du riz en persillade et des patates douces r\u00f4ties Allerg\u00e8nes : Lactose, arachide, c\u00e9leri","jetpack_sharing_enabled":true,"_links":{"self":[{"href":"https:\/\/lelocal-tournefeuille.fr\/index.php?rest_route=\/wp\/v2\/product\/413","targetHints":{"allow":["GET"]}}],"collection":[{"href":"https:\/\/lelocal-tournefeuille.fr\/index.php?rest_route=\/wp\/v2\/product"}],"about":[{"href":"https:\/\/lelocal-tournefeuille.fr\/index.php?rest_route=\/wp\/v2\/types\/product"}],"replies":[{"embeddable":true,"href":"https:\/\/lelocal-tournefeuille.fr\/index.php?rest_route=%2Fwp%2Fv2%2Fcomments&post=413"}],"wp:featuredmedia":[{"embeddable":true,"href":"https:\/\/lelocal-tournefeuille.fr\/index.php?rest_route=\/wp\/v2\/media\/417"}],"wp:attachment":[{"href":"https:\/\/lelocal-tournefeuille.fr\/index.php?rest_route=%2Fwp%2Fv2%2Fmedia&parent=413"}],"wp:term":[{"taxonomy":"product_brand","embeddable":true,"href":"https:\/\/lelocal-tournefeuille.fr\/index.php?rest_route=%2Fwp%2Fv2%2Fproduct_brand&post=413"},{"taxonomy":"product_cat","embeddable":true,"href":"https:\/\/lelocal-tournefeuille.fr\/index.php?rest_route=%2Fwp%2Fv2%2Fproduct_cat&post=413"},{"taxonomy":"product_tag","embeddable":true,"href":"https:\/\/lelocal-tournefeuille.fr\/index.php?rest_route=%2Fwp%2Fv2%2Fproduct_tag&post=413"}],"curies":[{"name":"wp","href":"https:\/\/api.w.org\/{rel}","templated":true}]}}