{"id":838,"date":"2026-01-19T13:01:52","date_gmt":"2026-01-19T12:01:52","guid":{"rendered":"https:\/\/lelocal-tournefeuille.fr\/?post_type=product&#038;p=838"},"modified":"2026-01-23T14:41:21","modified_gmt":"2026-01-23T13:41:21","slug":"potee-auvergnate","status":"publish","type":"product","link":"https:\/\/lelocal-tournefeuille.fr\/?product=potee-auvergnate","title":{"rendered":"Pot\u00e9e Auvergnate"},"content":{"rendered":"<p>Pot\u00e9e Auvergnate \u00e0 base de l\u00e9gumes, de lard, de saucisse de Toulouse et d&rsquo;\u00e9chine de porc dans un bouillon de l\u00e9gumes.<\/p>\n","protected":false},"excerpt":{"rendered":"<p>Pot\u00e9e Auvergnate \u00e0 base de l\u00e9gumes, de lard, de saucisse de Toulouse et d&rsquo;\u00e9chine de porc dans un bouillon de l\u00e9gumes.<\/p>\n<p>&nbsp;<\/p>\n<p>Allerg\u00e8nes : c\u00e8leri, sulfite, lactose<\/p>\n","protected":false},"featured_media":839,"comment_status":"open","ping_status":"closed","template":"","meta":{"_uag_custom_page_level_css":"","_themeisle_gutenberg_block_has_review":false},"product_brand":[],"product_cat":[15],"product_tag":[],"class_list":{"0":"post-838","1":"product","2":"type-product","3":"status-publish","4":"has-post-thumbnail","6":"product_cat-non-classe","8":"first","9":"outofstock","10":"shipping-taxable","11":"purchasable","12":"product-type-simple"},"uagb_featured_image_src":{"full":["https:\/\/lelocal-tournefeuille.fr\/wp-content\/uploads\/2026\/01\/ChatGPT-Image-19-janv.-2026-13_01_06.png",1024,1024,false],"thumbnail":["https:\/\/lelocal-tournefeuille.fr\/wp-content\/uploads\/2026\/01\/ChatGPT-Image-19-janv.-2026-13_01_06-150x150.png",150,150,true],"medium":["https:\/\/lelocal-tournefeuille.fr\/wp-content\/uploads\/2026\/01\/ChatGPT-Image-19-janv.-2026-13_01_06-300x300.png",300,300,true],"medium_large":["https:\/\/lelocal-tournefeuille.fr\/wp-content\/uploads\/2026\/01\/ChatGPT-Image-19-janv.-2026-13_01_06-768x768.png",768,768,true],"large":["https:\/\/lelocal-tournefeuille.fr\/wp-content\/uploads\/2026\/01\/ChatGPT-Image-19-janv.-2026-13_01_06.png",1024,1024,false],"1536x1536":["https:\/\/lelocal-tournefeuille.fr\/wp-content\/uploads\/2026\/01\/ChatGPT-Image-19-janv.-2026-13_01_06.png",1024,1024,false],"2048x2048":["https:\/\/lelocal-tournefeuille.fr\/wp-content\/uploads\/2026\/01\/ChatGPT-Image-19-janv.-2026-13_01_06.png",1024,1024,false],"woocommerce_thumbnail":["https:\/\/lelocal-tournefeuille.fr\/wp-content\/uploads\/2026\/01\/ChatGPT-Image-19-janv.-2026-13_01_06-300x300.png",300,300,true],"woocommerce_single":["https:\/\/lelocal-tournefeuille.fr\/wp-content\/uploads\/2026\/01\/ChatGPT-Image-19-janv.-2026-13_01_06-600x600.png",600,600,true],"woocommerce_gallery_thumbnail":["https:\/\/lelocal-tournefeuille.fr\/wp-content\/uploads\/2026\/01\/ChatGPT-Image-19-janv.-2026-13_01_06-100x100.png",100,100,true]},"uagb_author_info":{"display_name":"bruno caparros","author_link":"https:\/\/lelocal-tournefeuille.fr\/?author=0"},"uagb_comment_info":0,"uagb_excerpt":"Pot\u00e9e Auvergnate \u00e0 base de l\u00e9gumes, de lard, de saucisse de Toulouse et d'\u00e9chine de porc dans un bouillon de l\u00e9gumes. &nbsp; Allerg\u00e8nes : c\u00e8leri, sulfite, lactose","jetpack_sharing_enabled":true,"_links":{"self":[{"href":"https:\/\/lelocal-tournefeuille.fr\/index.php?rest_route=\/wp\/v2\/product\/838","targetHints":{"allow":["GET"]}}],"collection":[{"href":"https:\/\/lelocal-tournefeuille.fr\/index.php?rest_route=\/wp\/v2\/product"}],"about":[{"href":"https:\/\/lelocal-tournefeuille.fr\/index.php?rest_route=\/wp\/v2\/types\/product"}],"replies":[{"embeddable":true,"href":"https:\/\/lelocal-tournefeuille.fr\/index.php?rest_route=%2Fwp%2Fv2%2Fcomments&post=838"}],"wp:featuredmedia":[{"embeddable":true,"href":"https:\/\/lelocal-tournefeuille.fr\/index.php?rest_route=\/wp\/v2\/media\/839"}],"wp:attachment":[{"href":"https:\/\/lelocal-tournefeuille.fr\/index.php?rest_route=%2Fwp%2Fv2%2Fmedia&parent=838"}],"wp:term":[{"taxonomy":"product_brand","embeddable":true,"href":"https:\/\/lelocal-tournefeuille.fr\/index.php?rest_route=%2Fwp%2Fv2%2Fproduct_brand&post=838"},{"taxonomy":"product_cat","embeddable":true,"href":"https:\/\/lelocal-tournefeuille.fr\/index.php?rest_route=%2Fwp%2Fv2%2Fproduct_cat&post=838"},{"taxonomy":"product_tag","embeddable":true,"href":"https:\/\/lelocal-tournefeuille.fr\/index.php?rest_route=%2Fwp%2Fv2%2Fproduct_tag&post=838"}],"curies":[{"name":"wp","href":"https:\/\/api.w.org\/{rel}","templated":true}]}}

Potée Auvergnate

<p>Potée Auvergnate à base de légumes, de lard, de saucisse de Toulouse et d&rsquo;échine de porc dans un bouillon de légumes.</p>

<p>Potée Auvergnate à base de légumes, de lard, de saucisse de Toulouse et d&rsquo;échine de porc dans un bouillon de légumes.</p>
<p>&nbsp;</p>
<p>Allergènes : cèleri, sulfite, lactose</p>

Potée Auvergnate à base de légumes, de lard, de saucisse de Toulouse et d'échine de porc dans un bouillon de légumes. &nbsp; Allergènes : cèleri, sulfite, lactose
