{"id":840,"date":"2026-01-19T13:08:22","date_gmt":"2026-01-19T12:08:22","guid":{"rendered":"https:\/\/lelocal-tournefeuille.fr\/?post_type=product&#038;p=840"},"modified":"2026-01-20T18:26:12","modified_gmt":"2026-01-20T17:26:12","slug":"saute-de-canard-a-lorange","status":"publish","type":"product","link":"https:\/\/lelocal-tournefeuille.fr\/?product=saute-de-canard-a-lorange","title":{"rendered":"Saut\u00e9 de canard \u00e0 l&rsquo;orange"},"content":{"rendered":"<p>Saut\u00e9 de canard \u00e0 l&rsquo;orange, avec l\u00e9gumes et riz<\/p>\n","protected":false},"excerpt":{"rendered":"<p>Saut\u00e9 de canard \u00e0 l&rsquo;orange servi avec l\u00e9gumes et riz<\/p>\n<p>&nbsp;<\/p>\n<p>Allerg\u00e8nes : c\u00e9leri, sulfite, lactose<\/p>\n","protected":false},"featured_media":841,"comment_status":"open","ping_status":"closed","template":"","meta":{"_uag_custom_page_level_css":"","_themeisle_gutenberg_block_has_review":false},"product_brand":[],"product_cat":[15],"product_tag":[],"class_list":{"0":"post-840","1":"product","2":"type-product","3":"status-publish","4":"has-post-thumbnail","6":"product_cat-non-classe","8":"first","9":"outofstock","10":"shipping-taxable","11":"purchasable","12":"product-type-simple"},"uagb_featured_image_src":{"full":["https:\/\/lelocal-tournefeuille.fr\/wp-content\/uploads\/2026\/01\/ChatGPT-Image-19-janv.-2026-13_06_55.png",1024,1024,false],"thumbnail":["https:\/\/lelocal-tournefeuille.fr\/wp-content\/uploads\/2026\/01\/ChatGPT-Image-19-janv.-2026-13_06_55-150x150.png",150,150,true],"medium":["https:\/\/lelocal-tournefeuille.fr\/wp-content\/uploads\/2026\/01\/ChatGPT-Image-19-janv.-2026-13_06_55-300x300.png",300,300,true],"medium_large":["https:\/\/lelocal-tournefeuille.fr\/wp-content\/uploads\/2026\/01\/ChatGPT-Image-19-janv.-2026-13_06_55-768x768.png",768,768,true],"large":["https:\/\/lelocal-tournefeuille.fr\/wp-content\/uploads\/2026\/01\/ChatGPT-Image-19-janv.-2026-13_06_55.png",1024,1024,false],"1536x1536":["https:\/\/lelocal-tournefeuille.fr\/wp-content\/uploads\/2026\/01\/ChatGPT-Image-19-janv.-2026-13_06_55.png",1024,1024,false],"2048x2048":["https:\/\/lelocal-tournefeuille.fr\/wp-content\/uploads\/2026\/01\/ChatGPT-Image-19-janv.-2026-13_06_55.png",1024,1024,false],"woocommerce_thumbnail":["https:\/\/lelocal-tournefeuille.fr\/wp-content\/uploads\/2026\/01\/ChatGPT-Image-19-janv.-2026-13_06_55-300x300.png",300,300,true],"woocommerce_single":["https:\/\/lelocal-tournefeuille.fr\/wp-content\/uploads\/2026\/01\/ChatGPT-Image-19-janv.-2026-13_06_55-600x600.png",600,600,true],"woocommerce_gallery_thumbnail":["https:\/\/lelocal-tournefeuille.fr\/wp-content\/uploads\/2026\/01\/ChatGPT-Image-19-janv.-2026-13_06_55-100x100.png",100,100,true]},"uagb_author_info":{"display_name":"bruno caparros","author_link":"https:\/\/lelocal-tournefeuille.fr\/?author=0"},"uagb_comment_info":0,"uagb_excerpt":"Saut\u00e9 de canard \u00e0 l'orange servi avec l\u00e9gumes et riz &nbsp; Allerg\u00e8nes : c\u00e9leri, sulfite, lactose","jetpack_sharing_enabled":true,"_links":{"self":[{"href":"https:\/\/lelocal-tournefeuille.fr\/index.php?rest_route=\/wp\/v2\/product\/840","targetHints":{"allow":["GET"]}}],"collection":[{"href":"https:\/\/lelocal-tournefeuille.fr\/index.php?rest_route=\/wp\/v2\/product"}],"about":[{"href":"https:\/\/lelocal-tournefeuille.fr\/index.php?rest_route=\/wp\/v2\/types\/product"}],"replies":[{"embeddable":true,"href":"https:\/\/lelocal-tournefeuille.fr\/index.php?rest_route=%2Fwp%2Fv2%2Fcomments&post=840"}],"wp:featuredmedia":[{"embeddable":true,"href":"https:\/\/lelocal-tournefeuille.fr\/index.php?rest_route=\/wp\/v2\/media\/841"}],"wp:attachment":[{"href":"https:\/\/lelocal-tournefeuille.fr\/index.php?rest_route=%2Fwp%2Fv2%2Fmedia&parent=840"}],"wp:term":[{"taxonomy":"product_brand","embeddable":true,"href":"https:\/\/lelocal-tournefeuille.fr\/index.php?rest_route=%2Fwp%2Fv2%2Fproduct_brand&post=840"},{"taxonomy":"product_cat","embeddable":true,"href":"https:\/\/lelocal-tournefeuille.fr\/index.php?rest_route=%2Fwp%2Fv2%2Fproduct_cat&post=840"},{"taxonomy":"product_tag","embeddable":true,"href":"https:\/\/lelocal-tournefeuille.fr\/index.php?rest_route=%2Fwp%2Fv2%2Fproduct_tag&post=840"}],"curies":[{"name":"wp","href":"https:\/\/api.w.org\/{rel}","templated":true}]}}

Sauté de canard à l&rsquo;orange

<p>Sauté de canard à l&rsquo;orange, avec légumes et riz</p>

<p>Sauté de canard à l&rsquo;orange servi avec légumes et riz</p>
<p>&nbsp;</p>
<p>Allergènes : céleri, sulfite, lactose</p>

Sauté de canard à l'orange servi avec légumes et riz &nbsp; Allergènes : céleri, sulfite, lactose
