{"id":917,"date":"2026-02-02T10:48:35","date_gmt":"2026-02-02T09:48:35","guid":{"rendered":"https:\/\/lelocal-tournefeuille.fr\/?post_type=product&#038;p=917"},"modified":"2026-02-06T14:10:39","modified_gmt":"2026-02-06T13:10:39","slug":"poulet-roti-sauce-vin-blanc-et-thym","status":"publish","type":"product","link":"https:\/\/lelocal-tournefeuille.fr\/?product=poulet-roti-sauce-vin-blanc-et-thym","title":{"rendered":"Poulet r\u00f4ti, sauce vin blanc et thym"},"content":{"rendered":"<p>Poulet r\u00f4ti du Gers, sauce vin blanc et thym, garniture au choix selon disponibilit\u00e9<\/p>\n","protected":false},"excerpt":{"rendered":"<p>Poulet r\u00f4ti du Gers, sauce vin blanc et thym, garniture au choix selon disponibilit\u00e9<\/p>\n<p>Visuel non contractuel<\/p>\n<p>Allerg\u00e8nes : gluten, c\u00e8leri, lactose, sulfite<\/p>\n","protected":false},"featured_media":918,"comment_status":"open","ping_status":"closed","template":"","meta":{"_uag_custom_page_level_css":"","_themeisle_gutenberg_block_has_review":false},"product_brand":[],"product_cat":[15],"product_tag":[],"class_list":{"0":"post-917","1":"product","2":"type-product","3":"status-publish","4":"has-post-thumbnail","6":"product_cat-non-classe","8":"first","9":"outofstock","10":"shipping-taxable","11":"purchasable","12":"product-type-simple"},"uagb_featured_image_src":{"full":["https:\/\/lelocal-tournefeuille.fr\/wp-content\/uploads\/2026\/02\/ChatGPT-Image-2-fevr.-2026-10_50_33.png",1024,1024,false],"thumbnail":["https:\/\/lelocal-tournefeuille.fr\/wp-content\/uploads\/2026\/02\/ChatGPT-Image-2-fevr.-2026-10_50_33-150x150.png",150,150,true],"medium":["https:\/\/lelocal-tournefeuille.fr\/wp-content\/uploads\/2026\/02\/ChatGPT-Image-2-fevr.-2026-10_50_33-300x300.png",300,300,true],"medium_large":["https:\/\/lelocal-tournefeuille.fr\/wp-content\/uploads\/2026\/02\/ChatGPT-Image-2-fevr.-2026-10_50_33-768x768.png",768,768,true],"large":["https:\/\/lelocal-tournefeuille.fr\/wp-content\/uploads\/2026\/02\/ChatGPT-Image-2-fevr.-2026-10_50_33.png",1024,1024,false],"1536x1536":["https:\/\/lelocal-tournefeuille.fr\/wp-content\/uploads\/2026\/02\/ChatGPT-Image-2-fevr.-2026-10_50_33.png",1024,1024,false],"2048x2048":["https:\/\/lelocal-tournefeuille.fr\/wp-content\/uploads\/2026\/02\/ChatGPT-Image-2-fevr.-2026-10_50_33.png",1024,1024,false],"woocommerce_thumbnail":["https:\/\/lelocal-tournefeuille.fr\/wp-content\/uploads\/2026\/02\/ChatGPT-Image-2-fevr.-2026-10_50_33-300x300.png",300,300,true],"woocommerce_single":["https:\/\/lelocal-tournefeuille.fr\/wp-content\/uploads\/2026\/02\/ChatGPT-Image-2-fevr.-2026-10_50_33-600x600.png",600,600,true],"woocommerce_gallery_thumbnail":["https:\/\/lelocal-tournefeuille.fr\/wp-content\/uploads\/2026\/02\/ChatGPT-Image-2-fevr.-2026-10_50_33-100x100.png",100,100,true]},"uagb_author_info":{"display_name":"bruno caparros","author_link":"https:\/\/lelocal-tournefeuille.fr\/?author=0"},"uagb_comment_info":0,"uagb_excerpt":"Poulet r\u00f4ti du Gers, sauce vin blanc et thym, garniture au choix selon disponibilit\u00e9 Visuel non contractuel Allerg\u00e8nes : gluten, c\u00e8leri, lactose, sulfite","jetpack_sharing_enabled":true,"_links":{"self":[{"href":"https:\/\/lelocal-tournefeuille.fr\/index.php?rest_route=\/wp\/v2\/product\/917","targetHints":{"allow":["GET"]}}],"collection":[{"href":"https:\/\/lelocal-tournefeuille.fr\/index.php?rest_route=\/wp\/v2\/product"}],"about":[{"href":"https:\/\/lelocal-tournefeuille.fr\/index.php?rest_route=\/wp\/v2\/types\/product"}],"replies":[{"embeddable":true,"href":"https:\/\/lelocal-tournefeuille.fr\/index.php?rest_route=%2Fwp%2Fv2%2Fcomments&post=917"}],"wp:featuredmedia":[{"embeddable":true,"href":"https:\/\/lelocal-tournefeuille.fr\/index.php?rest_route=\/wp\/v2\/media\/918"}],"wp:attachment":[{"href":"https:\/\/lelocal-tournefeuille.fr\/index.php?rest_route=%2Fwp%2Fv2%2Fmedia&parent=917"}],"wp:term":[{"taxonomy":"product_brand","embeddable":true,"href":"https:\/\/lelocal-tournefeuille.fr\/index.php?rest_route=%2Fwp%2Fv2%2Fproduct_brand&post=917"},{"taxonomy":"product_cat","embeddable":true,"href":"https:\/\/lelocal-tournefeuille.fr\/index.php?rest_route=%2Fwp%2Fv2%2Fproduct_cat&post=917"},{"taxonomy":"product_tag","embeddable":true,"href":"https:\/\/lelocal-tournefeuille.fr\/index.php?rest_route=%2Fwp%2Fv2%2Fproduct_tag&post=917"}],"curies":[{"name":"wp","href":"https:\/\/api.w.org\/{rel}","templated":true}]}}

Poulet rôti, sauce vin blanc et thym

<p>Poulet rôti du Gers, sauce vin blanc et thym, garniture au choix selon disponibilité</p>

<p>Poulet rôti du Gers, sauce vin blanc et thym, garniture au choix selon disponibilité</p>
<p>Visuel non contractuel</p>
<p>Allergènes : gluten, cèleri, lactose, sulfite</p>

Poulet rôti du Gers, sauce vin blanc et thym, garniture au choix selon disponibilité Visuel non contractuel Allergènes : gluten, cèleri, lactose, sulfite
